/(-78) + (-1304)/26. Let t = p - -42. Determine m(t).
-1
Let s(o) = -o**3 - 4*o**2 + o + 3. Let b(a) = -2*a + 16. Let l be b(-7). Let v = l - 34. What is s(v)?
-1
Let n(d) be the second derivative of -d**6/360 - d**4/3 - 6*d + 2. Let g(s) be the third derivative of n(s). Let j = 12 + -6. What is g(j)?
-12
Let a(p) = p**3 + 7*p**2 - 8*p - 6. Let l(f) be the first derivative of -f**2/2 - 6*f + 22. Let n = 21 - 19. Let r be l(n). What is a(r)?
-6
Let d(v) = -v + 5. Let k(o) = o - 14. Let c(z) = 5*d(z) + 2*k(z). Determine c(9).
-30
Let w(z) = 35*z**2 + 1. Suppose 189*d - 192*d = 6. Let k be -3 + 90/24 - d/8. Give w(k).
36
Let t = 24 - 14. Let i(j) = -4*j**2 - 61. Let b(m) = m**2 - m + 15. Let v(r) = 9*b(r) + 2*i(r). Calculate v(t).
23
Let x(n) = -2*n + 1. Let g be (-378)/(-78) - 2/(-13). Let t be x(g). Let b(y) be the first derivative of y**4/4 + 3*y**3 - 9*y - 181. Determine b(t).
-9
Let u(d) = d + 4. Suppose -8*k + 4*k - 5*o = -429, 5 = 5*o. Let m = -99 + k. Calculate u(m).
11
Let y be (-1)/((-68)/(-8)) + (4410/(-153))/10. Suppose -4*l + 4 = -8. Let w(o) = -2 - o**3 - 3*o**2 + 0*o**l + 2*o - 2. What is w(y)?
-10
Let t(z) = -4*z - 2. Let b be -6 + 6*2/4. Let m(r) = -11*r - 6. Let j = 48 - 40. Let c(g) = b*m(g) + j*t(g). What is c(5)?
7
Let k(z) = z**2 - 20*z + 20. Let b be 14/(-70) - (2 + 212/(-10)). Calculate k(b).
1
Suppose -2*n - 2*l + 28 = 0, 5*n + 3*l - 10 = 50. Suppose 55 = 2*j + n*j. Let i(s) = s**3 - 6*s**2 + 4*s - 4. Calculate i(j).
-9
Suppose 0 = 5*c + 12 - 2. Let a(h) be the first derivative of h**4/4 + h**3 + 3*h + 4036. Give a(c).
7
Suppose w = o + 4, -3*w + o = 2*w - 40. Suppose -12*n + w*n + 15 = 0. Let a(t) = t**2 - 3*t - 10. Calculate a(n).
0
Let d(v) be the third derivative of 19*v**4/24 - 23*v**3/2 - v**2 - 21*v - 32. Give d(5).
26
Let s be ((-10)/50)/((-6)/60). Suppose -4*o + j + 33 = -2*j, -4*j + 20 = 0. Suppose f - 2*m - 6 = 0, 0 = s*f + 2*m + 2*m + o. Let p(g) = g**2 + 13. Give p(f).
13
Let u(v) = -6*v - 283. Let q(w) = -w - 77. Let b(m) = -3*q(m) + u(m). What is b(-9)?
-25
Let g(t) be the first derivative of 4*t**2 + 30*t + 2886. Determine g(7).
86
Let z(s) = 27*s - 212. Suppose -32*h + 46 = -210. Give z(h).
4
Let v(l) be the first derivative of -l**3/3 + 19*l**2/2 + 45*l + 1477. What is v(21)?
3
Let a(x) = 3*x**2 - 35 - 5*x + 38*x**2 - 5*x**2 + 7*x - 35*x**2. Give a(-10).
45
Let z = 129 + -127. Let m(s) be the first derivative of -2*s**3/3 - s + 25. Give m(z).
-9
Let l(d) = -3*d - 6192 - d**3 + 0*d**2 + 6187 - 4*d**2. Suppose -2*z - 4 = b - z, -2*b - 4*z - 8 = 0. What is l(b)?
7
Let d(h) be the second derivative of -h**3/3 + 14*h**2 - 88*h - 41. Determine d(28).
-28
Let p(i) = 3*i - 29. Let c = 80 - -175. Let y = 264 - c. Determine p(y).
-2
Let p(o) be the third derivative of -11*o**4/8 + o**3 - 388*o**2 - 6*o. Determine p(-1).
39
Let q(t) = 45*t - 16. Let k(r) = 41*r - 13. Let p(c) = -12*k(c) + 11*q(c). Calculate p(-4).
-32
Let m(g) = -13*g - 2. Suppose -34*f + 12*f - 17*f = 195. Give m(f).
63
Suppose 2*r - 3*z = -0*r + 261, -3*r + 2*z = -379. Let s = 122 - r. Let o(p) = -p + 3 + 0 - 4 - 14*p. Determine o(s).
14
Let p(j) = -j**3 + 7*j**2 - 8*j - 5. Let t be p(5). Let q be (2 - t)*4/(16/4). Let v(x) = -x**3 + 4 - x**2 - 2*x**2 - 7 + 3*x. What is v(q)?
-12
Let z(s) = -s - 9. Let p = -7 - -8. Suppose -3*k + 8 = -p. Let b be ((-9)/6 - -1)*(k - 3). Give z(b).
-9
Let u(c) = -184*c. Let h(o) = -523*o + 1. Let k(d) = -6*h(d) + 17*u(d). Determine k(2).
14
Let k = -742 - -353. Let y = k - -394. Let g(x) be the third derivative of x**4/12 - 7*x**3/6 - x**2. What is g(y)?
3
Let d = -8360 - -8328. Let y(w) = -2*w**2 - 65*w - 20. Determine y(d).
12
Let w = 16 + -14. Let c(s) = -s**w - s - 87*s**3 + 82*s**3 + 2*s. Let f = -465 - -466. Give c(f).
-5
Let p(z) be the third derivative of -1/6*z**4 + 0*z + 1/2*z**3 + 1/30*z**5 - 2*z**2 + 0. Let l(r) = -10*r**2 - 7*r + 28. Let s be l(-2). Calculate p(s).
3
Let h(t) be the first derivative of 9*t**2/2 - 16*t + 3792. Give h(4).
20
Let u(q) = 4*q**2 + 36*q - 9. Let v = -12031 - -12022. What is u(v)?
-9
Let j(a) be the third derivative of -a**5/20 - a**4/4 + 5*a**3/6 - 2*a**2 + 13*a. Let c be (-770)/105 + (-21)/(-9). What is j(c)?
-40
Suppose 1 = 3*z + 4*a, -746*z = -747*z + 5*a - 25. Let b(x) = x**3 + 7*x**2 + 8*x + 6. Calculate b(z).
16
Let j(v) be the third derivative of v**4/12 + 13*v**3/6 + 1364*v**2. Calculate j(8).
29
Let s(o) = -o - 3*o - 2 + 0. Suppose 1090 = 4*l - 7*b + 8*b, 5*l - 1362 = -b. Let i be (-12)/(-40) - l/(-160). Calculate s(i).
-10
Suppose -5*s + 4 = 9. Let k(i) = 2*i - 7. Let n(q) = -q + 2. Let l = -47 - -40. Let c(g) = l*n(g) - 2*k(g). Determine c(s).
-3
Let z be 4 - (-1 + 3) - -4. Suppose 0 = 2*q + 3*i - 1, -4*q + 25*i + 13 = 20*i. Suppose -5*t + 3*u + 10 = 33, t - q*u = -z. Let n(d) = -3*d - 6. Calculate n(t).
6
Let c(h) be the third derivative of -2/3*h**3 + 0*h + 0 - 6*h**2 - 1/24*h**4. Let i = 11 - 7. Calculate c(i).
-8
Suppose -4*u = d - 0*d - 6, -5*u + d + 12 = 0. Let c = 27 - 24. Let r(s) = s - 2 - c + 3 + 0. Determine r(u).
0
Let f(z) be the second derivative of -z**3/6 + 11*z**2/2 + 2*z. Let h = 20 - 18. Suppose 8 = h*n - 4*m, 2*n - 4 = m - 2. What is f(n)?
11
Suppose -2*y + 3*h = -0*y + 19, 3*h - 15 = 0. Let m = y + 3. Let z(k) = -8912*k - 110. Let x(a) = 972*a + 12. Let o(l) = -55*x(l) - 6*z(l). Give o(m).
12
Let j(d) = -d**3 + 22*d**2 + 45*d + 81. Let o be j(24). Let w(b) = 4*b + 7*b - 3*b + 6*b + b**2 + o - 3*b. Give w(-9).
-9
Let j(u) = 19*u**2 + u + 1. Let r(a) = -7*a**3 + 72*a**2 + 8*a + 6. Let m(c) = -4*j(c) + r(c). What is m(-3)?
143
Suppose -15*l + 13*l + 14 = 0. Let u(c) = 6*c**2 - c**3 + 38 - 18 - 17 - l*c. Determine u(5).
-7
Let n(m) be the first derivative of -8*m**2 + 0*m**3 + 0*m - 26 + 1/24*m**4 - 2/15*m**5. Let c(v) be the second derivative of n(v). Calculate c(1).
-7
Let n(t) = -t**2 + 21*t - 13. Suppose -156 = 184*z - 197*z. Suppose 6*h + z = 3*h, 2*h - 12 = -x. Determine n(x).
7
Suppose 2*a + 0*a = z - 12, -6 = 2*z + 2*a. Let k(u) = 1 + 0*u**3 - 11*u + 4*u**z - u**2 + 3*u + 7*u + u**3. Determine k(-2).
7
Suppose -165*d + 578 = -530 - 212. Let k(c) be the second derivative of c**3 - 4*c**2 + 2*c. Calculate k(d).
40
Let t(n) = -2*n**3 + 3*n**3 - 38*n + 5*n**2 + 43*n + 4 - 3*n. What is t(-6)?
-44
Let h(s) = 5*s**2 - 14*s + 7. Let w(a) = -9*a**2 + 27*a - 14. Let v(l) = 5*h(l) + 3*w(l). Let q = -189528 - -189535. Give v(q).
-28
Let f(g) = g**2 - 37*g + 346. Let i be f(20). Let r(u) = -u**2 - u - 9. Calculate r(i).
-51
Let n(k) be the first derivative of k**6/120 - k**5/10 - k**4/12 + 7*k**3/6 + 21*k**2 + 2*k + 6. Let q(d) be the second derivative of n(d). Determine q(6).
-5
Let p(a) = 9*a**2. Let t be ((-178)/4)/((-1 + -8)/18). Suppose -81 = 8*o - t. Determine p(o).
9
Let y(j) = 2*j**2 + 17*j + 3. Let z(u) = -u + 1. Let x(h) = 3*h**2 + 20*h + 9. Let v(g) = x(g) - 5*z(g). Let l(q) = -5*v(q) + 7*y(q). Calculate l(-5).
6
Let h(i) = -i - 1. Suppose -5*l = -0*l - 40. Let b(c) = -c**3 + 6*c**2 + 7*c + 2. Let r be b(7). Suppose -r*p = -l*p + 24. Determine h(p).
-5
Let q(s) = -2*s**2 + 37*s + 3. Let r = 4139 - 4120. Determine q(r).
-16
Let d be (6/4)/((-1)/18). Let l = d - -19. Let o(s) = -s - 67. Let j(c) = c + 80. Let q(g) = -5*j(g) - 6*o(g). Calculate q(l).
-6
Let v(s) = -7*s**2 - 31*s - 32. Let b(p) = -p**2 - 3*p + 2. Let j(i) = 6*b(i) - v(i). Determine j(-4).
8
Let s(u) = -3*u + 16. Let q(d) = 4*d - 17. Let a(i) = -2*q(i) - 3*s(i). Give a(8).
-6
Let v(n) = 263 - 6*n**2 - 5*n - 269 + 7*n**2 + 8*n. Determine v(3).
12
Suppose 0 = 2*r + 9 + 3. Let c be 14 + (4 - r/(-3)). Let z(b) = -c*b - 4 + 21*b - 6*b. What is z(-5)?
1
Let x(y) be the first derivative of 2*y - 1/2*y**2 + 86. Let a = 0 + 0. Determine x(a).
2
Let r be (-2)/((-6)/15)*1. Suppose -2*o + o + r = 0. Suppose 5*z + 2*c = 25, 5*c - 31 - 9 = -o*z. Let d(g) = 5*g + 3. Give d(z).
18
Let l(c) = 52*c - 362. Let x be l(7). Let q(m) be the second derivative of -m**x + 0 + 1/2*m**3 - 13*m. What is q(3)?
7
Let r(d) be the second derivative of -4*d**3/3 + 9*d**2/2 - 1590*d. What is r(-5)?
49
Let d(z) = -z - 4. Let u be d(-17). Suppose 2*o = -3*k + 7*o - 17, k - u = -3*o. Let r(l) = 20*l**3 - l**2 + l - 1. Calculate r(k).
19
Let h = -123 + 133. Let a(d) = -29*d + 13*d + 7*d + h*d. What is a(5)?
5
Let